{"id":1959,"date":"2019-08-11T21:49:32","date_gmt":"2019-08-11T19:49:32","guid":{"rendered":"http:\/\/www.treffpunkt-dorfprojekte.de\/cms\/?page_id=1959"},"modified":"2024-01-14T16:59:19","modified_gmt":"2024-01-14T15:59:19","slug":"repair-cafe","status":"publish","type":"page","link":"http:\/\/www.treffpunkt-dorfprojekte.de\/cms\/repair-cafe\/","title":{"rendered":"Repair-Cafe"},"content":{"rendered":"\n<h1 class=\"wp-block-heading\"><img decoding=\"async\" class=\"wp-image-45\" style=\"width: 150px;\" src=\"http:\/\/www.treffpunkt-dorfprojekte.de\/cms\/wp-content\/uploads\/2019\/08\/repair-cafe-logo-3-farbe.jpg\" alt=\"\"><strong>Repair-Cafe Finsing<\/strong><\/h1>\n\n\n\n<p class=\"has-text-align-center has-luminous-vivid-orange-color has-pale-cyan-blue-background-color has-text-color has-background has-larger-font-size\"><strong><em>Jeden 3. Samstag im Monat<\/em><\/strong><\/p>\n\n\n\n<h2 class=\"wp-block-heading has-text-align-center has-yellow-color has-blue-background-color has-text-color has-background has-link-color wp-elements-c4caaf53498baebeb4c8fd17c88d3a75\"><img loading=\"lazy\" decoding=\"async\" width=\"55\" height=\"47\" class=\"wp-image-2533\" style=\"width: 55px;\" src=\"http:\/\/www.treffpunkt-dorfprojekte.de\/cms\/wp-content\/uploads\/2020\/06\/wink.gif\" alt=\"\"> <a href=\"https:\/\/repaircafe-finsing.de\/\"><strong>Seit Mitte 2023 gibt es eine neue, offizielle Internetseite zum Repair-Cafe Finsing. <\/strong><\/a><img loading=\"lazy\" decoding=\"async\" width=\"55\" height=\"47\" class=\"wp-image-2533\" style=\"width: 55px;\" src=\"http:\/\/www.treffpunkt-dorfprojekte.de\/cms\/wp-content\/uploads\/2020\/06\/wink.gif\" alt=\"\"><a href=\"https:\/\/repaircafe-finsing.de\/\"><img loading=\"lazy\" decoding=\"async\" width=\"55\" height=\"55\" class=\"wp-image-2046\" style=\"width: 55px;\" src=\"http:\/\/www.treffpunkt-dorfprojekte.de\/cms\/wp-content\/uploads\/2019\/08\/externallink-e1678037536993.gif\" alt=\"\"><\/a><\/h2>\n\n\n\n<h2 class=\"wp-block-heading has-text-align-center\">5. Jahrestag des Repair-Cafe Finsing.<\/h2>\n\n\n\n<div class=\"wp-block-group\"><div class=\"wp-block-group__inner-container is-layout-constrained wp-block-group-is-layout-constrained\">\n<p class=\"has-text-align-center\"><\/p>\n\n\n<div class=\"wp-block-image\">\n<figure class=\"aligncenter size-large is-resized\"><img loading=\"lazy\" decoding=\"async\" width=\"1024\" height=\"689\" src=\"http:\/\/www.treffpunkt-dorfprojekte.de\/cms\/wp-content\/uploads\/2024\/01\/IMG_20231021_141151-1024x689.jpg\" alt=\"\" class=\"wp-image-2905\" style=\"width:817px;height:auto\" srcset=\"http:\/\/www.treffpunkt-dorfprojekte.de\/cms\/wp-content\/uploads\/2024\/01\/IMG_20231021_141151-1024x689.jpg 1024w, http:\/\/www.treffpunkt-dorfprojekte.de\/cms\/wp-content\/uploads\/2024\/01\/IMG_20231021_141151-300x202.jpg 300w, http:\/\/www.treffpunkt-dorfprojekte.de\/cms\/wp-content\/uploads\/2024\/01\/IMG_20231021_141151-768x517.jpg 768w, http:\/\/www.treffpunkt-dorfprojekte.de\/cms\/wp-content\/uploads\/2024\/01\/IMG_20231021_141151-1536x1033.jpg 1536w, http:\/\/www.treffpunkt-dorfprojekte.de\/cms\/wp-content\/uploads\/2024\/01\/IMG_20231021_141151-2048x1378.jpg 2048w\" sizes=\"auto, (max-width: 1024px) 100vw, 1024px\" \/><figcaption class=\"wp-element-caption\">Gruppenbild zum 5. Jahrestag des Repair-Cafe Finsing<\/figcaption><\/figure><\/div>\n\n\n<p><\/p>\n\n\n\n<h3 class=\"wp-block-heading has-text-align-center has-vivid-red-color has-text-color\">September 2021: Wir sind umgezogen in das Sportheim Neufinsing<\/h3>\n<\/div><\/div>\n\n\n\n<p class=\"has-black-color has-light-green-cyan-background-color has-text-color has-background\"><strong>Seit September 2021 sind wir wieder am Werkeln. Unter Corona-Bedingungen und im Sportheim Neufinsing.<\/strong> Sie k\u00f6nnen ihre defekten Ger\u00e4te am &#8222;Empfang&#8220; am Eingang des Sportheims abgeben und abholen. Bitte beschreiben Sie den Fehler m\u00f6glichst genau, so dass wir nicht lange r\u00e4tseln m\u00fcssen, da sie ja w\u00e4hrend der Reparatur nicht dabei sein k\u00f6nnen. <\/p>\n\n\n\n<p class=\"has-black-color has-luminous-vivid-amber-background-color has-text-color has-background\">Wer sich f\u00fcr nachhaltiges Reparieren interessieren sei auf den nachfolgenden Links verwiesen <a rel=\"noreferrer noopener\" href=\"https:\/\/anstiftung.de\/\" target=\"_blank\">https:\/\/anstiftung.de\/<\/a>. Urbane G\u00e4rten, Offene Werkst\u00e4tten, Reparatur-Initiativen, Open-Source-Projekte ebenso wie Initiativen zur Belebung von Nachbarschaften oder Interventionen im \u00f6ffentlichen Raum.<\/p>\n\n\n\n<hr class=\"wp-block-separator has-css-opacity\"\/>\n\n\n\n<p class=\"has-black-color has-text-color\">Unser Ziel es ist Dinge zu reparieren anstatt sie weg zuwerfen.  Reparieren ist nicht nur sentimental, sondern auch Nachhaltig <\/p>\n\n\n\n<p class=\"has-black-color has-text-color\">Mit  wenig Aufwand lassen sich oftmals Ger\u00e4te und Gegenst\u00e4nde des Alltags wieder in  Schuss bringen ohne M\u00fcll zu erzeugen und Rohstoffe zu verschwenden, wie  es unweigerlich geschieht, wenn Neues gekauft wird.<\/p>\n\n\n\n<p class=\"has-black-color has-luminous-vivid-amber-background-color has-text-color has-background has-medium-font-size\"><strong>Schauen Sie sich bitte auch die Beitr\u00e4ge an, die Sie in der rechten Spalte ausw\u00e4hlen k\u00f6nnen.<\/strong><\/p>\n\n\n\n<h2 class=\"wp-block-heading\"><strong>Wie kam es zur Gr\u00fcndung des Repair-Cafe in Finsing?<\/strong><\/h2>\n\n\n\n<p>Die Idee war viele Male in Stammtischen und auch in der <em><strong>Arbeitsgruppe Energie und Umwelt<\/strong><\/em> besprochen und diskutiert worden bis wir den Schritt wagten. Zu der Zeit gab es bereits ein gutes Vorbild in Erding bei dem <em>J\u00f6rg Stietzel<\/em> bereits seit l\u00e4ngerem aktiv beteiligt war. <\/p>\n\n\n\n<p>Bei eine Besuch steckten uns die dortigen Aktiven, allen voran <em>Hr. Rimane<\/em>, mit ihrer Begeisterung an und vermittelten uns die klare Vision dass es auch in der Gemeinde Finsing machbar sein k\u00f6nnte.<\/p>\n\n\n\n<p>Vorgestellt wurde das Projekt beim ersten <strong>&#8222;Treffpunkt Dorfprojekte&#8220; am 13. September 2018 <\/strong>im Restaurant Martin &#8211; GoKart-Arena.<\/p>\n\n\n\n<p><strong> Die Erster\u00f6ffnung des &#8222;Repair-Cafe Finsing&#8220; fand am 20.10.2018 statt.<\/strong><\/p>\n\n\n\n<h2 class=\"wp-block-heading\"><strong>Wie funktioniert ein Repair-Cafe?<\/strong><\/h2>\n\n\n\n<p>Sie haben sich fest entschlossen das Repair-Cafe zu besuchen? Es findet jeden 3 Samstag im Monat von 14 &#8211; 16:30Uhr in den R\u00e4umen des Seniorenheims Neufinsing statt.<\/p>\n\n\n\n<h2 class=\"wp-block-heading\"><strong>Email-Kontakt<\/strong><\/h2>\n\n\n\n<p>Falls Sie noch Fragen oder ein Anliegen haben, wenden Sie sich bitte an uns per Email mit <a rel=\"noreferrer noopener\" href=\"mailto:repair-cafe.finsing@web.de\" target=\"_blank\">repair-cafe.finsing@web.de<\/a> <img loading=\"lazy\" decoding=\"async\" width=\"35\" height=\"30\" class=\"wp-image-2533\" style=\"width: 35px;\" src=\"http:\/\/www.treffpunkt-dorfprojekte.de\/cms\/wp-content\/uploads\/2020\/06\/wink.gif\" alt=\"\"><\/p>\n\n\n\n<h2 class=\"wp-block-heading\"><strong>Mitzubringen sind:  <\/strong><\/h2>\n\n\n\n<ul class=\"wp-block-list\">\n<li>das kaputte Ger\u00e4t, die gebrochene Schachtel, den Laptop, das defekte Handy, unscharfe Messer &#8230;<\/li>\n\n\n\n<li>etwas Zeit f\u00fcr die Reparatur und einen kleinen Kaffee  <\/li>\n\n\n\n<li>etwas Spendenlaune<\/li>\n\n\n\n<li>wir freuen uns auch immer wenn es eine nette Geschichte dazu gibt<\/li>\n\n\n\n<li>manchmal bieten unsere Experten auch zus\u00e4tzlich &#8222;Messerschleifen&#8220; oder &#8222;Fahrradreparaturen&#8220; an. Die Ank\u00fcndigung lesen sie im <a href=\"https:\/\/www.finsing.de\/buergerservice\/service\/mitteilungsblatt\/\" data-type=\"URL\" data-id=\"https:\/\/www.finsing.de\/buergerservice\/service\/mitteilungsblatt\/\" target=\"_blank\" rel=\"noreferrer noopener\">Mitteilungsblatt<\/a> oder in der Tagespresse.<\/li>\n<\/ul>\n\n\n\n<h2 class=\"wp-block-heading\"><strong>Wie l\u00e4uft es ab?<\/strong><\/h2>\n\n\n\n<p>Bepackt mit dem kaputten Teil treten Sie an jenem Samstag Nachmittag durch die T\u00fcr des Seniorenheims.  Dort erwartet Sie ein Mitarbeiter, leicht an seinem T-Shirt erkennbar.  Er wird sich direkt nach Ihren Reperaturwunsch erkundigen. Ein <a href=\"http:\/\/www.treffpunkt-dorfprojekte.de\/cms\/wp-content\/uploads\/2019\/08\/RCF_Hausordnung_Informationsblatt-neu-1.pdf\">Informationsblatt <\/a>informiert Sie \u00fcber alle Details. <\/p>\n\n\n\n<ul class=\"has-black-color has-text-color wp-block-list\">\n<li>Der Reparaturwunsch wird erstmals erfasst (Anmeldeformular) und eine erste Sichtung durchgef\u00fchrt. <\/li>\n\n\n\n<li>Ist  es ein Elektroger\u00e4t muss eine elektrische Sicherheitspr\u00fcfung durchgef\u00fchrt werden,  denn unsere freiwilligen Helfer wollen keine Funken, Ger\u00e4usche oder zerschmorten Kabel wenn das Ger\u00e4t eingesteckt wird.<\/li>\n\n\n\n<li>Je nach Fehlerbild und was so gemacht werden muss, k\u00fcmmert sich einer der Spezialisten bzw. Spezialistinnen darum.<\/li>\n\n\n\n<li>Er\/Sie wird zusammen mit Ihnen das Kaputte wieder in Ordnung bringen. Wichitg  ist dabei dass wir zusammen den Fehler finden und beheben.<\/li>\n\n\n\n<li>Nach der Reparatur wird getestet.<\/li>\n\n\n\n<li>Wenn es sich um ein Elektroger\u00e4t handelt, machen wir einen fachgerechten Test nach VDE bevor wir es Ihnen \u00fcbergeben.<\/li>\n\n\n\n<li>Wenn  es sich um kein Elektroger\u00e4t handelt, bitten wir Sie es zu testen,  damit wir sehen ob es nun so funktioniert wie sie es kennen und verwenden.<\/li>\n<\/ul>\n\n\n\n<h2 class=\"wp-block-heading\"><strong>Was kostet die Reparatur?<\/strong><\/h2>\n\n\n\n<p>Die Reparatur kostet nichts. <\/p>\n\n\n\n<p class=\"has-black-color has-text-color\">Nat\u00fcrlich sind wir immer froh, wenn unsere Unkosten durch Spenden ausgeglichen werden.<\/p>\n\n\n\n<h2 class=\"wp-block-heading\"><strong>Ansprechpartner und Aktive<\/strong><\/h2>\n\n\n\n<p class=\"has-black-color has-text-color\">Als  Ansprechpartner und K\u00fcmmerer f\u00fcr den &#8222;Treffpunkt Dorfprojekte&#8220;  fungieren <a href=\"mailto:repair-cafe.finsing@web.de\">J\u00f6rg Stietze<\/a>l und <a href=\"meilto:j.eichinger@web.de\">Josef Eichinger<\/a>. N\u00e4heres finden Sie auch unter <a rel=\"noreferrer noopener\" href=\"http:\/\/www.treffpunkt-dorfprojekte.de\/index.html\" target=\"_blank\">www.treffpunkt-dorfprojekte.de<\/a><\/p>\n\n\n\n<p class=\"has-brown-color has-yellow-background-color has-text-color has-background has-regular-font-size\" style=\"text-transform:capitalize\">Falls Sie noch Fragen oder ein Anliegen haben, wenden Sie sich bitte an uns per Email mit <a rel=\"noreferrer noopener\" href=\"mailto:repair-cafe.finsing@web.de\" target=\"_blank\">repair-cafe.finsing@web.de<\/a> <img loading=\"lazy\" decoding=\"async\" width=\"35\" height=\"30\" class=\"wp-image-2533\" style=\"width: 35px;\" src=\"http:\/\/www.treffpunkt-dorfprojekte.de\/cms\/wp-content\/uploads\/2020\/06\/wink.gif\" alt=\"\"><\/p>\n","protected":false},"excerpt":{"rendered":"<p>Repair-Cafe Finsing Jeden 3. Samstag im Monat Seit Mitte 2023 gibt es eine neue, offizielle Internetseite zum Repair-Cafe Finsing. 5. Jahrestag des Repair-Cafe Finsing. September 2021: Wir sind umgezogen in das Sportheim Neufinsing Seit September 2021 sind wir wieder am [&hellip;]<\/p>\n","protected":false},"author":1,"featured_media":45,"parent":0,"menu_order":0,"comment_status":"closed","ping_status":"closed","template":"","meta":{"footnotes":""},"class_list":["post-1959","page","type-page","status-publish","has-post-thumbnail","hentry"],"_links":{"self":[{"href":"http:\/\/www.treffpunkt-dorfprojekte.de\/cms\/wp-json\/wp\/v2\/pages\/1959","targetHints":{"allow":["GET"]}}],"collection":[{"href":"http:\/\/www.treffpunkt-dorfprojekte.de\/cms\/wp-json\/wp\/v2\/pages"}],"about":[{"href":"http:\/\/www.treffpunkt-dorfprojekte.de\/cms\/wp-json\/wp\/v2\/types\/page"}],"author":[{"embeddable":true,"href":"http:\/\/www.treffpunkt-dorfprojekte.de\/cms\/wp-json\/wp\/v2\/users\/1"}],"replies":[{"embeddable":true,"href":"http:\/\/www.treffpunkt-dorfprojekte.de\/cms\/wp-json\/wp\/v2\/comments?post=1959"}],"version-history":[{"count":57,"href":"http:\/\/www.treffpunkt-dorfprojekte.de\/cms\/wp-json\/wp\/v2\/pages\/1959\/revisions"}],"predecessor-version":[{"id":2907,"href":"http:\/\/www.treffpunkt-dorfprojekte.de\/cms\/wp-json\/wp\/v2\/pages\/1959\/revisions\/2907"}],"wp:featuredmedia":[{"embeddable":true,"href":"http:\/\/www.treffpunkt-dorfprojekte.de\/cms\/wp-json\/wp\/v2\/media\/45"}],"wp:attachment":[{"href":"http:\/\/www.treffpunkt-dorfprojekte.de\/cms\/wp-json\/wp\/v2\/media?parent=1959"}],"curies":[{"name":"wp","href":"https:\/\/api.w.org\/{rel}","templated":true}]}}

<h1 class="wp-block-heading"><img decoding="async" class="wp-image-45" style="width: 150px;" src="http://www.treffpunkt-dorfprojekte.de/cms/wp-content/uploads/2019/08/repair-cafe-logo-3-farbe.jpg" alt=""><strong>Repair-Cafe Finsing</strong></h1>



<p class="has-text-align-center has-luminous-vivid-orange-color has-pale-cyan-blue-background-color has-text-color has-background has-larger-font-size"><strong><em>Jeden 3. Samstag im Monat</em></strong></p>



<h2 class="wp-block-heading has-text-align-center has-yellow-color has-blue-background-color has-text-color has-background has-link-color wp-elements-c4caaf53498baebeb4c8fd17c88d3a75"><img loading="lazy" decoding="async" width="55" height="47" class="wp-image-2533" style="width: 55px;" src="http://www.treffpunkt-dorfprojekte.de/cms/wp-content/uploads/2020/06/wink.gif" alt=""> <a href="https://repaircafe-finsing.de/"><strong>Seit Mitte 2023 gibt es eine neue, offizielle Internetseite zum Repair-Cafe Finsing. </strong></a><img loading="lazy" decoding="async" width="55" height="47" class="wp-image-2533" style="width: 55px;" src="http://www.treffpunkt-dorfprojekte.de/cms/wp-content/uploads/2020/06/wink.gif" alt=""><a href="https://repaircafe-finsing.de/"><img loading="lazy" decoding="async" width="55" height="55" class="wp-image-2046" style="width: 55px;" src="http://www.treffpunkt-dorfprojekte.de/cms/wp-content/uploads/2019/08/externallink-e1678037536993.gif" alt=""></a></h2>



<h2 class="wp-block-heading has-text-align-center">5. Jahrestag des Repair-Cafe Finsing.</h2>



<div class="wp-block-group"><div class="wp-block-group__inner-container is-layout-constrained wp-block-group-is-layout-constrained">
<p class="has-text-align-center"></p>


<div class="wp-block-image">
<figure class="aligncenter size-large is-resized"><img loading="lazy" decoding="async" width="1024" height="689" src="http://www.treffpunkt-dorfprojekte.de/cms/wp-content/uploads/2024/01/IMG_20231021_141151-1024x689.jpg" alt="" class="wp-image-2905" style="width:817px;height:auto" srcset="http://www.treffpunkt-dorfprojekte.de/cms/wp-content/uploads/2024/01/IMG_20231021_141151-1024x689.jpg 1024w, http://www.treffpunkt-dorfprojekte.de/cms/wp-content/uploads/2024/01/IMG_20231021_141151-300x202.jpg 300w, http://www.treffpunkt-dorfprojekte.de/cms/wp-content/uploads/2024/01/IMG_20231021_141151-768x517.jpg 768w, http://www.treffpunkt-dorfprojekte.de/cms/wp-content/uploads/2024/01/IMG_20231021_141151-1536x1033.jpg 1536w, http://www.treffpunkt-dorfprojekte.de/cms/wp-content/uploads/2024/01/IMG_20231021_141151-2048x1378.jpg 2048w" sizes="auto, (max-width: 1024px) 100vw, 1024px" /><figcaption class="wp-element-caption">Gruppenbild zum 5. Jahrestag des Repair-Cafe Finsing</figcaption></figure></div>


<p></p>



<h3 class="wp-block-heading has-text-align-center has-vivid-red-color has-text-color">September 2021: Wir sind umgezogen in das Sportheim Neufinsing</h3>
</div></div>



<p class="has-black-color has-light-green-cyan-background-color has-text-color has-background"><strong>Seit September 2021 sind wir wieder am Werkeln. Unter Corona-Bedingungen und im Sportheim Neufinsing.</strong> Sie können ihre defekten Geräte am &#8222;Empfang&#8220; am Eingang des Sportheims abgeben und abholen. Bitte beschreiben Sie den Fehler möglichst genau, so dass wir nicht lange rätseln müssen, da sie ja während der Reparatur nicht dabei sein können. </p>



<p class="has-black-color has-luminous-vivid-amber-background-color has-text-color has-background">Wer sich für nachhaltiges Reparieren interessieren sei auf den nachfolgenden Links verwiesen <a rel="noreferrer noopener" href="https://anstiftung.de/" target="_blank">https://anstiftung.de/</a>. Urbane Gärten, Offene Werkstätten, Reparatur-Initiativen, Open-Source-Projekte ebenso wie Initiativen zur Belebung von Nachbarschaften oder Interventionen im öffentlichen Raum.</p>



<hr class="wp-block-separator has-css-opacity"/>



<p class="has-black-color has-text-color">Unser Ziel es ist Dinge zu reparieren anstatt sie weg zuwerfen.  Reparieren ist nicht nur sentimental, sondern auch Nachhaltig </p>



<p class="has-black-color has-text-color">Mit  wenig Aufwand lassen sich oftmals Geräte und Gegenstände des Alltags wieder in  Schuss bringen ohne Müll zu erzeugen und Rohstoffe zu verschwenden, wie  es unweigerlich geschieht, wenn Neues gekauft wird.</p>



<p class="has-black-color has-luminous-vivid-amber-background-color has-text-color has-background has-medium-font-size"><strong>Schauen Sie sich bitte auch die Beiträge an, die Sie in der rechten Spalte auswählen können.</strong></p>



<h2 class="wp-block-heading"><strong>Wie kam es zur Gründung des Repair-Cafe in Finsing?</strong></h2>



<p>Die Idee war viele Male in Stammtischen und auch in der <em><strong>Arbeitsgruppe Energie und Umwelt</strong></em> besprochen und diskutiert worden bis wir den Schritt wagten. Zu der Zeit gab es bereits ein gutes Vorbild in Erding bei dem <em>Jörg Stietzel</em> bereits seit längerem aktiv beteiligt war. </p>



<p>Bei eine Besuch steckten uns die dortigen Aktiven, allen voran <em>Hr. Rimane</em>, mit ihrer Begeisterung an und vermittelten uns die klare Vision dass es auch in der Gemeinde Finsing machbar sein könnte.</p>



<p>Vorgestellt wurde das Projekt beim ersten <strong>&#8222;Treffpunkt Dorfprojekte&#8220; am 13. September 2018 </strong>im Restaurant Martin &#8211; GoKart-Arena.</p>



<p><strong> Die Ersteröffnung des &#8222;Repair-Cafe Finsing&#8220; fand am 20.10.2018 statt.</strong></p>



<h2 class="wp-block-heading"><strong>Wie funktioniert ein Repair-Cafe?</strong></h2>



<p>Sie haben sich fest entschlossen das Repair-Cafe zu besuchen? Es findet jeden 3 Samstag im Monat von 14 &#8211; 16:30Uhr in den Räumen des Seniorenheims Neufinsing statt.</p>



<h2 class="wp-block-heading"><strong>Email-Kontakt</strong></h2>



<p>Falls Sie noch Fragen oder ein Anliegen haben, wenden Sie sich bitte an uns per Email mit <a rel="noreferrer noopener" href="mailto:repair-cafe.finsing@web.de" target="_blank">repair-cafe.finsing@web.de</a> <img loading="lazy" decoding="async" width="35" height="30" class="wp-image-2533" style="width: 35px;" src="http://www.treffpunkt-dorfprojekte.de/cms/wp-content/uploads/2020/06/wink.gif" alt=""></p>



<h2 class="wp-block-heading"><strong>Mitzubringen sind:  </strong></h2>



<ul class="wp-block-list">
<li>das kaputte Gerät, die gebrochene Schachtel, den Laptop, das defekte Handy, unscharfe Messer &#8230;</li>



<li>etwas Zeit für die Reparatur und einen kleinen Kaffee  </li>



<li>etwas Spendenlaune</li>



<li>wir freuen uns auch immer wenn es eine nette Geschichte dazu gibt</li>



<li>manchmal bieten unsere Experten auch zusätzlich &#8222;Messerschleifen&#8220; oder &#8222;Fahrradreparaturen&#8220; an. Die Ankündigung lesen sie im <a href="https://www.finsing.de/buergerservice/service/mitteilungsblatt/" data-type="URL" data-id="https://www.finsing.de/buergerservice/service/mitteilungsblatt/" target="_blank" rel="noreferrer noopener">Mitteilungsblatt</a> oder in der Tagespresse.</li>
</ul>



<h2 class="wp-block-heading"><strong>Wie läuft es ab?</strong></h2>



<p>Bepackt mit dem kaputten Teil treten Sie an jenem Samstag Nachmittag durch die Tür des Seniorenheims.  Dort erwartet Sie ein Mitarbeiter, leicht an seinem T-Shirt erkennbar.  Er wird sich direkt nach Ihren Reperaturwunsch erkundigen. Ein <a href="http://www.treffpunkt-dorfprojekte.de/cms/wp-content/uploads/2019/08/RCF_Hausordnung_Informationsblatt-neu-1.pdf">Informationsblatt </a>informiert Sie über alle Details. </p>



<ul class="has-black-color has-text-color wp-block-list">
<li>Der Reparaturwunsch wird erstmals erfasst (Anmeldeformular) und eine erste Sichtung durchgeführt. </li>



<li>Ist  es ein Elektrogerät muss eine elektrische Sicherheitsprüfung durchgeführt werden,  denn unsere freiwilligen Helfer wollen keine Funken, Geräusche oder zerschmorten Kabel wenn das Gerät eingesteckt wird.</li>



<li>Je nach Fehlerbild und was so gemacht werden muss, kümmert sich einer der Spezialisten bzw. Spezialistinnen darum.</li>



<li>Er/Sie wird zusammen mit Ihnen das Kaputte wieder in Ordnung bringen. Wichitg  ist dabei dass wir zusammen den Fehler finden und beheben.</li>



<li>Nach der Reparatur wird getestet.</li>



<li>Wenn es sich um ein Elektrogerät handelt, machen wir einen fachgerechten Test nach VDE bevor wir es Ihnen übergeben.</li>



<li>Wenn  es sich um kein Elektrogerät handelt, bitten wir Sie es zu testen,  damit wir sehen ob es nun so funktioniert wie sie es kennen und verwenden.</li>
</ul>



<h2 class="wp-block-heading"><strong>Was kostet die Reparatur?</strong></h2>



<p>Die Reparatur kostet nichts. </p>



<p class="has-black-color has-text-color">Natürlich sind wir immer froh, wenn unsere Unkosten durch Spenden ausgeglichen werden.</p>



<h2 class="wp-block-heading"><strong>Ansprechpartner und Aktive</strong></h2>



<p class="has-black-color has-text-color">Als  Ansprechpartner und Kümmerer für den &#8222;Treffpunkt Dorfprojekte&#8220;  fungieren <a href="mailto:repair-cafe.finsing@web.de">Jörg Stietze</a>l und <a href="meilto:j.eichinger@web.de">Josef Eichinger</a>. Näheres finden Sie auch unter <a rel="noreferrer noopener" href="http://www.treffpunkt-dorfprojekte.de/index.html" target="_blank">www.treffpunkt-dorfprojekte.de</a></p>



<p class="has-brown-color has-yellow-background-color has-text-color has-background has-regular-font-size" style="text-transform:capitalize">Falls Sie noch Fragen oder ein Anliegen haben, wenden Sie sich bitte an uns per Email mit <a rel="noreferrer noopener" href="mailto:repair-cafe.finsing@web.de" target="_blank">repair-cafe.finsing@web.de</a> <img loading="lazy" decoding="async" width="35" height="30" class="wp-image-2533" style="width: 35px;" src="http://www.treffpunkt-dorfprojekte.de/cms/wp-content/uploads/2020/06/wink.gif" alt=""></p>
