{"id":1950,"date":"2019-08-11T21:33:35","date_gmt":"2019-08-11T19:33:35","guid":{"rendered":"http:\/\/www.treffpunkt-dorfprojekte.de\/cms\/?page_id=1950"},"modified":"2024-01-14T16:38:29","modified_gmt":"2024-01-14T15:38:29","slug":"carsharing","status":"publish","type":"page","link":"http:\/\/www.treffpunkt-dorfprojekte.de\/cms\/treffpunkt-dorfprojekte\/carsharing\/","title":{"rendered":"CarSharing"},"content":{"rendered":"\n<p class=\"has-drop-cap has-black-color has-yellow-background-color has-text-color has-background\" style=\"font-size:22px\">Willkommen auf der Internetseite von &#8222;CarSharing&#8220; in Finsing.<\/p>\n\n\n\n<p>Begonnen hat CarSharing in Finsing 2014 als Ausenstelle des CarSharing Vereins Markt Schwaben. Auch mehr als 6 Jahre sp\u00e4ter gibt es das Angebot noch, bestehend aus einem PKW auf dem Parkplatz der Vereinsbank in Neufinsing und der M\u00f6glichkeit auf alle Autos (PkW und Traffic-Busse) in Markt Schwaben zuzugreifen.<\/p>\n\n\n\n<p class=\"has-blue-color has-text-color has-background has-link-color wp-elements-d5f44a5a86cfb39d3e2d501118673a46\" style=\"background:linear-gradient(180deg,rgba(252,185,0,1) 0%,rgba(255,105,0,1) 100%);font-size:24px\"><a href=\"https:\/\/cms-carsharing.de\/index.php\/de\/aktuelles\">Die <strong>Aktuellen Preise sind seit 1.1.2024<\/strong> g\u00fcltig und auf der Seite der Carsharing-Union Marktschwaben zu findn.<\/a><\/p>\n\n\n\n<p><\/p>\n\n\n\n<p class=\"has-drop-cap\"><strong><mark style=\"background-color:rgba(0, 0, 0, 0)\" class=\"has-inline-color has-luminous-vivid-orange-color\">Die Geb\u00fchren decken ALLE Kosten ab<\/mark><\/strong>. Benzinkosten, Wartung, Winterreifen, Reinigung, Reparaturen, Versicherungen. Keine Versteckten Kosten. Volle 100%ige Transparenz.<\/p>\n\n\n\n<p>Schm\u00f6kern Sie bitte in den alten Berichten und bilden Sie sich Ihr eigenes Urteil ob CarSharing nicht auch f\u00fcr Sie eine M\u00f6glichkeit ist auf das 2. oder 3. Auto zu verzichten.  <\/p>\n\n\n\n<p class=\"has-drop-cap has-black-color has-vivid-green-cyan-background-color has-text-color has-background\"><strong>Falls Sie Interesse an CarSharing haben,<\/strong> bitte melden Sie sich bei  <a href=\"mailto:gertrud@designkomm.de\">Gertrud Eichinger<\/a>, Autowart Neufinsing<em> <\/em>(gertrud(at)designkomm.de).<\/p>\n\n\n\n<p><strong>Testen Sie CarSharing!<\/strong> 3 Monate kostenlose Schnuppermitgliedschaft<\/p>\n\n\n\n<p><strong>Weitere Dokumente (unverbindlich):<\/strong><\/p>\n\n\n\n<ul class=\"wp-block-list\">\n<li><a href=\"http:\/\/www.treffpunkt-dorfprojekte.de\/cms\/wp-content\/uploads\/2019\/10\/CMS-Nutzungsordnung-2015.pdf\">CMS-Nutzungordnung-2015<\/a><\/li>\n\n\n\n<li><a href=\"http:\/\/www.treffpunkt-dorfprojekte.de\/cms\/wp-content\/uploads\/2019\/10\/Muster_Beitrittserklaerung_neu.pdf\">Muster-Beitrittserkl\u00e4rung_neu<\/a><\/li>\n\n\n\n<li><a href=\"https:\/\/cms-carsharing.de\/files\/Vereinsdokumente\/Satzung_CMS_vom_572022.pdf\">Satzung_CarSharing-MarktSchwagen<\/a> (Stand 5.7.2022)<\/li>\n\n\n\n<li><img decoding=\"async\" src=\"http:\/\/www.treffpunkt-dorfprojekte.de\/cms\/wp-content\/uploads\/2020\/06\/wink.gif\" alt=\"\"><a href=\"https:\/\/cms-carsharing.de\/index.php\/de\/aktuelles\" target=\"_blank\" rel=\"noreferrer noopener\"><strong>Neue Geb\u00fchrenordnung g\u00fcltig ab 1.1.2024<\/strong> (alte 1.<\/a><a href=\"https:\/\/www.cms-carsharing.de\/index.php\/de\/kosten-preise\" target=\"_blank\" rel=\"noreferrer noopener\">5.2022. Sie l\u00f6st die Liste vom 1.9.2021 ab!<\/a>)<\/li>\n\n\n\n<li><a href=\"https:\/\/cms-carsharing.de\/files\/Vereinsdokumente\/Muster%20Schnuppervertrag%20Stand%2020200208.pdf\">Vertrag zur Schnuppermitgliedschaft<\/a> (Stand 1.1.2024)<\/li>\n<\/ul>\n\n\n\n<p><strong>Weitere Infos finden Sie auch unter <\/strong><a href=\"http:\/\/spd-parteifreie-finsing.de\/\"><strong>http:\/\/spd-parteifreie-finsig.de\/<\/strong><\/a><\/p>\n\n\n\n<p class=\"has-drop-cap\"><strong>Buchungssystem<\/strong>: <\/p>\n\n\n\n<ul class=\"wp-block-list\">\n<li>Wenn Sie Mitglied sind k\u00f6nnen Sie hier die Belegung des Autos einsehen und Ihre Ausleihe eintragen: <a href=\"https:\/\/www.elkato.de\/buchung\/week.php?club=cms\">https:\/\/www.elkato.de\/buchung\/week.php?club=cms<\/a><\/li>\n<\/ul>\n\n\n\n<p>In<strong> Facebook \/<\/strong><a href=\"https:\/\/www.facebook.com\/carsharing.finsing\/\"><strong>www.facebook.com\/carsharing.finsing\/<\/strong><\/a><img decoding=\"async\" src=\"http:\/\/www.treffpunkt-dorfprojekte.de\/cms\/wp-content\/uploads\/2019\/08\/carsharing-facebook.jpg\" alt=\"CarSharing Finsing in FB\" style=\"width: 150px;\"><\/p>\n\n\n\n<p class=\"has-drop-cap\"><strong>Quernutzung<\/strong> gibt es mit Anzing, Poing, Erding und Grafing. Falls Sie das m\u00f6chten, bitte eine email an den Vorstand von Carsharing Markt Schwaben schicken.<\/p>\n\n\n\n<hr class=\"wp-block-separator has-css-opacity\"\/>\n\n\n\n<p class=\"has-luminous-vivid-amber-background-color has-background has-medium-font-size\"><strong>Beitr\u00e4ge zu CarSharing in Finsing<\/strong><\/p>\n\n\n\n<hr class=\"wp-block-separator has-css-opacity\"\/>\n\n\n<ul class=\"wp-block-latest-posts__list is-grid columns-3 has-dates has-author wp-block-latest-posts\"><li><div class=\"wp-block-latest-posts__featured-image alignleft\"><a href=\"http:\/\/www.treffpunkt-dorfprojekte.de\/cms\/neue-gebuehren-fuer-carsharing-neufinsing\/\" aria-label=\"Neue Geb\u00fchren f\u00fcr Carsharing Neufinsing seit 1.1.24\"><img loading=\"lazy\" decoding=\"async\" width=\"150\" height=\"150\" src=\"http:\/\/www.treffpunkt-dorfprojekte.de\/cms\/wp-content\/uploads\/2024\/01\/gebuehren-2024-150x150.png\" class=\"attachment-thumbnail size-thumbnail wp-post-image\" alt=\"\" style=\"\" \/><\/a><\/div><a class=\"wp-block-latest-posts__post-title\" href=\"http:\/\/www.treffpunkt-dorfprojekte.de\/cms\/neue-gebuehren-fuer-carsharing-neufinsing\/\">Neue Geb\u00fchren f\u00fcr Carsharing Neufinsing seit 1.1.24<\/a><div class=\"wp-block-latest-posts__post-author\">von jeichinger<\/div><time datetime=\"2024-01-14T16:25:54+01:00\" class=\"wp-block-latest-posts__post-date\">14.01.24<\/time><\/li>\n<li><div class=\"wp-block-latest-posts__featured-image alignleft\"><a href=\"http:\/\/www.treffpunkt-dorfprojekte.de\/cms\/neues-carsharing-auto-fuer-finsing\/\" aria-label=\"Neues Carsharing Auto f\u00fcr Finsing\"><img loading=\"lazy\" decoding=\"async\" width=\"150\" height=\"150\" src=\"http:\/\/www.treffpunkt-dorfprojekte.de\/cms\/wp-content\/uploads\/2023\/02\/IMG_20230128_102016-150x150.jpg\" class=\"attachment-thumbnail size-thumbnail wp-post-image\" alt=\"Toyota\" style=\"\" srcset=\"http:\/\/www.treffpunkt-dorfprojekte.de\/cms\/wp-content\/uploads\/2023\/02\/IMG_20230128_102016-150x150.jpg 150w, http:\/\/www.treffpunkt-dorfprojekte.de\/cms\/wp-content\/uploads\/2023\/02\/IMG_20230128_102016-500x500.jpg 500w\" sizes=\"auto, (max-width: 150px) 100vw, 150px\" \/><\/a><\/div><a class=\"wp-block-latest-posts__post-title\" href=\"http:\/\/www.treffpunkt-dorfprojekte.de\/cms\/neues-carsharing-auto-fuer-finsing\/\">Neues Carsharing Auto f\u00fcr Finsing<\/a><div class=\"wp-block-latest-posts__post-author\">von jeichinger<\/div><time datetime=\"2023-02-09T23:32:22+01:00\" class=\"wp-block-latest-posts__post-date\">09.02.23<\/time><\/li>\n<li><div class=\"wp-block-latest-posts__featured-image alignleft\"><a href=\"http:\/\/www.treffpunkt-dorfprojekte.de\/cms\/gebuehrenordnung-ab-1-5-2022\/\" aria-label=\"CarSharing Geb\u00fchren ab 1.5.2022\"><img loading=\"lazy\" decoding=\"async\" width=\"150\" height=\"150\" src=\"http:\/\/www.treffpunkt-dorfprojekte.de\/cms\/wp-content\/uploads\/2022\/05\/gebuehrenordnung2022-1-150x150.jpg\" class=\"attachment-thumbnail size-thumbnail wp-post-image\" alt=\"\" style=\"\" srcset=\"http:\/\/www.treffpunkt-dorfprojekte.de\/cms\/wp-content\/uploads\/2022\/05\/gebuehrenordnung2022-1-150x150.jpg 150w, http:\/\/www.treffpunkt-dorfprojekte.de\/cms\/wp-content\/uploads\/2022\/05\/gebuehrenordnung2022-1-500x500.jpg 500w\" sizes=\"auto, (max-width: 150px) 100vw, 150px\" \/><\/a><\/div><a class=\"wp-block-latest-posts__post-title\" href=\"http:\/\/www.treffpunkt-dorfprojekte.de\/cms\/gebuehrenordnung-ab-1-5-2022\/\">CarSharing Geb\u00fchren ab 1.5.2022<\/a><div class=\"wp-block-latest-posts__post-author\">von jeichinger<\/div><time datetime=\"2022-05-01T18:05:04+02:00\" class=\"wp-block-latest-posts__post-date\">01.05.22<\/time><\/li>\n<li><div class=\"wp-block-latest-posts__featured-image alignleft\"><a href=\"http:\/\/www.treffpunkt-dorfprojekte.de\/cms\/neue-gebuehren-bei-carsharing\/\" aria-label=\"Geb\u00fchren bei CarSharing 1.9.2021\"><img loading=\"lazy\" decoding=\"async\" width=\"150\" height=\"150\" src=\"http:\/\/www.treffpunkt-dorfprojekte.de\/cms\/wp-content\/uploads\/2022\/03\/gebuehrenordnung-01092021-150x150.jpg\" class=\"attachment-thumbnail size-thumbnail wp-post-image\" alt=\"\" style=\"\" \/><\/a><\/div><a class=\"wp-block-latest-posts__post-title\" href=\"http:\/\/www.treffpunkt-dorfprojekte.de\/cms\/neue-gebuehren-bei-carsharing\/\">Geb\u00fchren bei CarSharing 1.9.2021<\/a><div class=\"wp-block-latest-posts__post-author\">von jeichinger<\/div><time datetime=\"2021-09-21T14:15:00+02:00\" class=\"wp-block-latest-posts__post-date\">21.09.21<\/time><\/li>\n<li><div class=\"wp-block-latest-posts__featured-image alignleft\"><a href=\"http:\/\/www.treffpunkt-dorfprojekte.de\/cms\/info-im-gemeindeblatt-28-juli-2020\/\" aria-label=\"Info im Gemeindeblatt 28. Juli 2020\"><img loading=\"lazy\" decoding=\"async\" width=\"150\" height=\"150\" src=\"http:\/\/www.treffpunkt-dorfprojekte.de\/cms\/wp-content\/uploads\/2020\/07\/Carsharingfahrzeug_Neufinsing_sw-150x150.jpg\" class=\"attachment-thumbnail size-thumbnail wp-post-image\" alt=\"\" style=\"\" srcset=\"http:\/\/www.treffpunkt-dorfprojekte.de\/cms\/wp-content\/uploads\/2020\/07\/Carsharingfahrzeug_Neufinsing_sw-150x150.jpg 150w, http:\/\/www.treffpunkt-dorfprojekte.de\/cms\/wp-content\/uploads\/2020\/07\/Carsharingfahrzeug_Neufinsing_sw-75x75.jpg 75w\" sizes=\"auto, (max-width: 150px) 100vw, 150px\" \/><\/a><\/div><a class=\"wp-block-latest-posts__post-title\" href=\"http:\/\/www.treffpunkt-dorfprojekte.de\/cms\/info-im-gemeindeblatt-28-juli-2020\/\">Info im Gemeindeblatt 28. Juli 2020<\/a><div class=\"wp-block-latest-posts__post-author\">von jeichinger<\/div><time datetime=\"2020-07-28T22:10:16+02:00\" class=\"wp-block-latest-posts__post-date\">28.07.20<\/time><\/li>\n<li><a class=\"wp-block-latest-posts__post-title\" href=\"http:\/\/www.treffpunkt-dorfprojekte.de\/cms\/carsharing-varianten-bis-zu-ride-hailing\/\">CarSharing Varianten bis zu Ride-Hailing<\/a><div class=\"wp-block-latest-posts__post-author\">von jeichinger<\/div><time datetime=\"2019-09-01T23:54:05+02:00\" class=\"wp-block-latest-posts__post-date\">01.09.19<\/time><\/li>\n<li><div class=\"wp-block-latest-posts__featured-image alignleft\"><a href=\"http:\/\/www.treffpunkt-dorfprojekte.de\/cms\/beitrag-carsharing\/\" aria-label=\"Carsharing Infos &#8211; neue Geb\u00fchren ab 1.7.2020\"><img loading=\"lazy\" decoding=\"async\" width=\"150\" height=\"150\" src=\"http:\/\/www.treffpunkt-dorfprojekte.de\/cms\/wp-content\/uploads\/2019\/10\/carsharing_finsing-300x150-150x150.jpg\" class=\"attachment-thumbnail size-thumbnail wp-post-image\" alt=\"\" style=\"\" srcset=\"http:\/\/www.treffpunkt-dorfprojekte.de\/cms\/wp-content\/uploads\/2019\/10\/carsharing_finsing-300x150-150x150.jpg 150w, http:\/\/www.treffpunkt-dorfprojekte.de\/cms\/wp-content\/uploads\/2019\/10\/carsharing_finsing-300x150-75x75.jpg 75w\" sizes=\"auto, (max-width: 150px) 100vw, 150px\" \/><\/a><\/div><a class=\"wp-block-latest-posts__post-title\" href=\"http:\/\/www.treffpunkt-dorfprojekte.de\/cms\/beitrag-carsharing\/\">Carsharing Infos &#8211; neue Geb\u00fchren ab 1.7.2020<\/a><div class=\"wp-block-latest-posts__post-author\">von jeichinger<\/div><time datetime=\"2019-08-12T21:58:30+02:00\" class=\"wp-block-latest-posts__post-date\">12.08.19<\/time><\/li>\n<li><div class=\"wp-block-latest-posts__featured-image alignleft\"><a href=\"http:\/\/www.treffpunkt-dorfprojekte.de\/cms\/neues-carsharing-auto\/\" aria-label=\"Neues CarSharing Auto\"><img loading=\"lazy\" decoding=\"async\" width=\"150\" height=\"150\" src=\"http:\/\/www.treffpunkt-dorfprojekte.de\/cms\/wp-content\/uploads\/2016\/09\/neues-auto-carsharing_finsing-300x195-150x150.jpg\" class=\"attachment-thumbnail size-thumbnail wp-post-image\" alt=\"\" style=\"\" srcset=\"http:\/\/www.treffpunkt-dorfprojekte.de\/cms\/wp-content\/uploads\/2016\/09\/neues-auto-carsharing_finsing-300x195-150x150.jpg 150w, http:\/\/www.treffpunkt-dorfprojekte.de\/cms\/wp-content\/uploads\/2016\/09\/neues-auto-carsharing_finsing-300x195-75x75.jpg 75w\" sizes=\"auto, (max-width: 150px) 100vw, 150px\" \/><\/a><\/div><a class=\"wp-block-latest-posts__post-title\" href=\"http:\/\/www.treffpunkt-dorfprojekte.de\/cms\/neues-carsharing-auto\/\">Neues CarSharing Auto<\/a><div class=\"wp-block-latest-posts__post-author\">von jeichinger<\/div><time datetime=\"2016-09-04T10:25:25+02:00\" class=\"wp-block-latest-posts__post-date\">04.09.16<\/time><\/li>\n<li><div class=\"wp-block-latest-posts__featured-image alignleft\"><a href=\"http:\/\/www.treffpunkt-dorfprojekte.de\/cms\/carsharing-in-finsing\/\" aria-label=\"CarSharing in Finsing\"><img loading=\"lazy\" decoding=\"async\" width=\"150\" height=\"150\" src=\"http:\/\/www.treffpunkt-dorfprojekte.de\/cms\/wp-content\/uploads\/2019\/10\/carsharing_finsing-300x150-150x150.jpg\" class=\"attachment-thumbnail size-thumbnail wp-post-image\" alt=\"\" style=\"\" srcset=\"http:\/\/www.treffpunkt-dorfprojekte.de\/cms\/wp-content\/uploads\/2019\/10\/carsharing_finsing-300x150-150x150.jpg 150w, http:\/\/www.treffpunkt-dorfprojekte.de\/cms\/wp-content\/uploads\/2019\/10\/carsharing_finsing-300x150-75x75.jpg 75w\" sizes=\"auto, (max-width: 150px) 100vw, 150px\" \/><\/a><\/div><a class=\"wp-block-latest-posts__post-title\" href=\"http:\/\/www.treffpunkt-dorfprojekte.de\/cms\/carsharing-in-finsing\/\">CarSharing in Finsing<\/a><div class=\"wp-block-latest-posts__post-author\">von jeichinger<\/div><time datetime=\"2014-02-22T11:38:21+01:00\" class=\"wp-block-latest-posts__post-date\">22.02.14<\/time><\/li>\n<\/ul>\n\n\n<p><\/p>\n","protected":false},"excerpt":{"rendered":"<p>Willkommen auf der Internetseite von &#8222;CarSharing&#8220; in Finsing. Begonnen hat CarSharing in Finsing 2014 als Ausenstelle des CarSharing Vereins Markt Schwaben. Auch mehr als 6 Jahre sp\u00e4ter gibt es das Angebot noch, bestehend aus einem PKW auf dem Parkplatz der [&hellip;]<\/p>\n","protected":false},"author":1,"featured_media":2887,"parent":1998,"menu_order":0,"comment_status":"closed","ping_status":"closed","template":"","meta":{"footnotes":""},"class_list":["post-1950","page","type-page","status-publish","has-post-thumbnail","hentry"],"_links":{"self":[{"href":"http:\/\/www.treffpunkt-dorfprojekte.de\/cms\/wp-json\/wp\/v2\/pages\/1950","targetHints":{"allow":["GET"]}}],"collection":[{"href":"http:\/\/www.treffpunkt-dorfprojekte.de\/cms\/wp-json\/wp\/v2\/pages"}],"about":[{"href":"http:\/\/www.treffpunkt-dorfprojekte.de\/cms\/wp-json\/wp\/v2\/types\/page"}],"author":[{"embeddable":true,"href":"http:\/\/www.treffpunkt-dorfprojekte.de\/cms\/wp-json\/wp\/v2\/users\/1"}],"replies":[{"embeddable":true,"href":"http:\/\/www.treffpunkt-dorfprojekte.de\/cms\/wp-json\/wp\/v2\/comments?post=1950"}],"version-history":[{"count":66,"href":"http:\/\/www.treffpunkt-dorfprojekte.de\/cms\/wp-json\/wp\/v2\/pages\/1950\/revisions"}],"predecessor-version":[{"id":2901,"href":"http:\/\/www.treffpunkt-dorfprojekte.de\/cms\/wp-json\/wp\/v2\/pages\/1950\/revisions\/2901"}],"up":[{"embeddable":true,"href":"http:\/\/www.treffpunkt-dorfprojekte.de\/cms\/wp-json\/wp\/v2\/pages\/1998"}],"wp:featuredmedia":[{"embeddable":true,"href":"http:\/\/www.treffpunkt-dorfprojekte.de\/cms\/wp-json\/wp\/v2\/media\/2887"}],"wp:attachment":[{"href":"http:\/\/www.treffpunkt-dorfprojekte.de\/cms\/wp-json\/wp\/v2\/media?parent=1950"}],"curies":[{"name":"wp","href":"https:\/\/api.w.org\/{rel}","templated":true}]}}